{"id":482,"date":"2025-09-25T06:59:56","date_gmt":"2025-09-25T09:59:56","guid":{"rendered":"https:\/\/www.hom.bionostic.com.br\/curitiba\/?page_id=482"},"modified":"2025-11-15T08:20:21","modified_gmt":"2025-11-15T11:20:21","slug":"ultrassonografia-com-doppler","status":"publish","type":"page","link":"https:\/\/www.hom.bionostic.com.br\/curitiba\/index.php\/exames-por-imagem\/ultrassonografia-com-doppler\/","title":{"rendered":"ULTRASSONOGRAFIA COM DOPPLER"},"content":{"rendered":"\t\t<div data-elementor-type=\"wp-page\" data-elementor-id=\"482\" class=\"elementor elementor-482\">\n\t\t\t\t<div class=\"elementor-element elementor-element-f9b105a e-flex e-con-boxed e-con e-parent\" data-id=\"f9b105a\" data-element_type=\"container\">\n\t\t\t\t\t<div class=\"e-con-inner\">\n\t\t<div class=\"elementor-element elementor-element-11526c2 e-con-full e-flex e-con e-child\" data-id=\"11526c2\" data-element_type=\"container\">\n\t\t\t\t<div class=\"elementor-element elementor-element-3f61b07 elementor-widget elementor-widget-image\" data-id=\"3f61b07\" data-element_type=\"widget\" data-widget_type=\"image.default\">\n\t\t\t\t<div class=\"elementor-widget-container\">\n\t\t\t\t\t\t\t\t\t\t\t\t\t\t\t<img fetchpriority=\"high\" decoding=\"async\" width=\"685\" height=\"896\" src=\"https:\/\/www.hom.bionostic.com.br\/curitiba\/wp-content\/uploads\/2025\/10\/ultra.jpg\" class=\"attachment-large size-large wp-image-568\" alt=\"\" srcset=\"https:\/\/www.hom.bionostic.com.br\/curitiba\/wp-content\/uploads\/2025\/10\/ultra.jpg 685w, https:\/\/www.hom.bionostic.com.br\/curitiba\/wp-content\/uploads\/2025\/10\/ultra-229x300.jpg 229w, https:\/\/www.hom.bionostic.com.br\/curitiba\/wp-content\/uploads\/2025\/10\/ultra-230x301.jpg 230w, https:\/\/www.hom.bionostic.com.br\/curitiba\/wp-content\/uploads\/2025\/10\/ultra-350x458.jpg 350w, https:\/\/www.hom.bionostic.com.br\/curitiba\/wp-content\/uploads\/2025\/10\/ultra-480x628.jpg 480w\" sizes=\"(max-width: 685px) 100vw, 685px\" \/>\t\t\t\t\t\t\t\t\t\t\t\t\t\t\t<\/div>\n\t\t\t\t<\/div>\n\t\t\t\t<\/div>\n\t\t<div class=\"elementor-element elementor-element-bb40cca e-con-full e-flex e-con e-child\" data-id=\"bb40cca\" data-element_type=\"container\">\n\t\t\t\t<div class=\"elementor-element elementor-element-ec1b031 elementor-widget elementor-widget-text-editor\" data-id=\"ec1b031\" data-element_type=\"widget\" data-widget_type=\"text-editor.default\">\n\t\t\t\t<div class=\"elementor-widget-container\">\n\t\t\t\t\t\t\t\t\t<p><a href=\"https:\/\/www.hom.bionostic.com.br\/curitiba\/index.php\/exames-por-imagem\/\">&lt; voltar exames laboratoriais<\/a><\/p>\t\t\t\t\t\t\t\t<\/div>\n\t\t\t\t<\/div>\n\t\t<div class=\"elementor-element elementor-element-e735fca e-con-full e-flex e-con e-child\" data-id=\"e735fca\" data-element_type=\"container\" data-settings=\"{&quot;background_background&quot;:&quot;classic&quot;}\">\n\t\t\t\t<div class=\"elementor-element elementor-element-395d5ad elementor-widget elementor-widget-heading\" data-id=\"395d5ad\" data-element_type=\"widget\" data-widget_type=\"heading.default\">\n\t\t\t\t<div class=\"elementor-widget-container\">\n\t\t\t\t\t<h2 class=\"elementor-heading-title elementor-size-default\">ULTRASSONOGRAFIA\nCOM DOPPLER<\/h2>\t\t\t\t<\/div>\n\t\t\t\t<\/div>\n\t\t\t\t<\/div>\n\t\t\t\t<div class=\"elementor-element elementor-element-8c4e53a elementor-widget elementor-widget-text-editor\" data-id=\"8c4e53a\" data-element_type=\"widget\" data-widget_type=\"text-editor.default\">\n\t\t\t\t<div class=\"elementor-widget-container\">\n\t\t\t\t\t\t\t\t\t<p><strong>Diagn\u00f3stico Detalhado, Seguro e R\u00e1pido<\/strong><\/p><p>A ultrassonografia \u00e9 um pilar essencial no diagn\u00f3stico moderno. \u00c9 uma t\u00e9cnica <strong>segura, indolor e totalmente n\u00e3o invasiva<\/strong>, que utiliza ondas sonoras de alta frequ\u00eancia para criar imagens em tempo real das estruturas internas do corpo.<\/p><p>Em nossas salas de exames de Ultrassom, elevamos ao m\u00e1ximo o n\u00edvel de detalhe com o que h\u00e1 de mais moderno e preciso em equipamentos de Ultrassom e com a tecnologia Doppler, podemos realizar a avalia\u00e7\u00e3o n\u00e3o apenas da morfologia dos \u00f3rg\u00e3os, mas tamb\u00e9m avaliar o <strong>fluxo sangu\u00edneo<\/strong> \u2013 informa\u00e7\u00e3o vital para identificar altera\u00e7\u00f5es vasculares, inflama\u00e7\u00f5es e a sa\u00fade dos \u00f3rg\u00e3os como um todo.<\/p><p>Nossa expertise em exames de ultrassonografia cobre todas as necessidades diagn\u00f3sticas, sendo indispens\u00e1vel para:<\/p><p><strong>\u00b7 Avalia\u00e7\u00e3o Abdominal:<\/strong> Diagn\u00f3stico e acompanhamento de cistos, tumores, altera\u00e7\u00f5es em \u00f3rg\u00e3os internos (f\u00edgado, rins, ba\u00e7o, intestinos, p\u00e2ncreas, bexiga, etc.).<br \/><strong>\u00b7 Avalia\u00e7\u00e3o Reprodutiva:<\/strong> Essencial para monitoramento gestacional e diagn\u00f3stico de patologias uterinas e prost\u00e1ticas.<br \/><strong>\u00b7 Especialidades:<\/strong> Oferecemos ultrassonografias espec\u00edficas para as regi\u00f5es cervical, ocular e musculoesquel\u00e9tica, demonstrando a abrang\u00eancia dos nossos servi\u00e7os.<br \/><strong>\u00b7 Acompanhamento:<\/strong> Com sua rapidez e natureza n\u00e3o invasiva, o ultrassom \u00e9 a ferramenta ideal para o acompanhamento seguro de diversas condi\u00e7\u00f5es cr\u00f4nicas.<\/p>\t\t\t\t\t\t\t\t<\/div>\n\t\t\t\t<\/div>\n\t\t\t\t<\/div>\n\t\t\t\t\t<\/div>\n\t\t\t\t<\/div>\n\t\t\t\t<\/div>\n\t\t","protected":false},"excerpt":{"rendered":"<p>&lt; voltar exames laboratoriais ULTRASSONOGRAFIA COM DOPPLER Diagn\u00f3stico Detalhado, Seguro e R\u00e1pido A ultrassonografia \u00e9 um pilar essencial no diagn\u00f3stico moderno. \u00c9 [&hellip;]<\/p>\n","protected":false},"author":2,"featured_media":0,"parent":397,"menu_order":0,"comment_status":"closed","ping_status":"closed","template":"elementor_header_footer","meta":{"footnotes":""},"class_list":["post-482","page","type-page","status-publish","hentry"],"_links":{"self":[{"href":"https:\/\/www.hom.bionostic.com.br\/curitiba\/index.php\/wp-json\/wp\/v2\/pages\/482","targetHints":{"allow":["GET"]}}],"collection":[{"href":"https:\/\/www.hom.bionostic.com.br\/curitiba\/index.php\/wp-json\/wp\/v2\/pages"}],"about":[{"href":"https:\/\/www.hom.bionostic.com.br\/curitiba\/index.php\/wp-json\/wp\/v2\/types\/page"}],"author":[{"embeddable":true,"href":"https:\/\/www.hom.bionostic.com.br\/curitiba\/index.php\/wp-json\/wp\/v2\/users\/2"}],"replies":[{"embeddable":true,"href":"https:\/\/www.hom.bionostic.com.br\/curitiba\/index.php\/wp-json\/wp\/v2\/comments?post=482"}],"version-history":[{"count":10,"href":"https:\/\/www.hom.bionostic.com.br\/curitiba\/index.php\/wp-json\/wp\/v2\/pages\/482\/revisions"}],"predecessor-version":[{"id":660,"href":"https:\/\/www.hom.bionostic.com.br\/curitiba\/index.php\/wp-json\/wp\/v2\/pages\/482\/revisions\/660"}],"up":[{"embeddable":true,"href":"https:\/\/www.hom.bionostic.com.br\/curitiba\/index.php\/wp-json\/wp\/v2\/pages\/397"}],"wp:attachment":[{"href":"https:\/\/www.hom.bionostic.com.br\/curitiba\/index.php\/wp-json\/wp\/v2\/media?parent=482"}],"curies":[{"name":"wp","href":"https:\/\/api.w.org\/{rel}","templated":true}]}}